e factors of 632345.
5, 7, 29, 89
What are the prime factors of 477045?
3, 5, 10601
List the prime factors of 15315929.
17, 900937
What are the prime factors of 13211253?
3, 11, 133447
List the prime factors of 54646.
2, 89, 307
List the prime factors of 398590.
2, 5, 23, 1733
List the prime factors of 12841582.
2, 13, 53, 9319
What are the prime factors of 8503861?
89, 95549
List the prime factors of 620233.
620233
What are the prime factors of 13399800?
2, 3, 5, 23, 971
List the prime factors of 1449178.
2, 293, 2473
What are the prime factors of 3118032?
2, 3, 59, 367
What are the prime factors of 416313?
3, 17, 907
List the prime factors of 414928.
2, 25933
What are the prime factors of 454338?
2, 3, 43, 587
List the prime factors of 11986875.
3, 5, 2131
What are the prime factors of 405545?
5, 7, 11587
What are the prime factors of 11299453?
11, 1027223
What are the prime factors of 78959?
23, 3433
What are the prime factors of 4718997?
3, 59, 8887
List the prime factors of 71891.
29, 37, 67
What are the prime factors of 1260412?
2, 315103
What are the prime factors of 15248689?
1013, 15053
List the prime factors of 605116.
2, 151279
List the prime factors of 19592.
2, 31, 79
What are the prime factors of 497530?
2, 5, 11, 4523
List the prime factors of 44402330.
2, 5, 7, 90617
What are the prime factors of 1926229?
809, 2381
List the prime factors of 142911.
3, 67, 79
What are the prime factors of 293516?
2, 73379
What are the prime factors of 1497478?
2, 509, 1471
List the prime factors of 21972.
2, 3, 1831
What are the prime factors of 705051?
3, 26113
What are the prime factors of 42939?
3, 13, 367
List the prime factors of 140064.
2, 3, 1459
List the prime factors of 1217663.
1217663
What are the prime factors of 28519900?
2, 5, 285199
List the prime factors of 4576310.
2, 5, 23, 101, 197
List the prime factors of 536494.
2, 7, 38321
List the prime factors of 210569.
29, 53, 137
What are the prime factors of 18676712?
2, 37, 63097
List the prime factors of 2007496.
2, 17, 29, 509
List the prime factors of 208825.
5, 8353
List the prime factors of 13747906.
2, 19, 361787
What are the prime factors of 936231?
3, 31, 10067
List the prime factors of 187676.
2, 46919
What are the prime factors of 289566?
2, 3, 16087
List the prime factors of 984044.
2, 246011
What are the prime factors of 2105378?
2, 11, 83, 1153
List the prime factors of 16181919.
3, 13, 10639
What are the prime factors of 485740?
2, 5, 149, 163
What are the prime factors of 2248277?
61, 36857
List the prime factors of 1564698.
2, 3, 71, 3673
What are the prime factors of 18562562?
2, 9281281
What are the prime factors of 306523?
7, 43789
List the prime factors of 620208.
2, 3, 59, 73
What are the prime factors of 2326977?
3, 17, 67, 227
List the prime factors of 10498735.
5, 13, 19, 8501
What are the prime factors of 12231085?
5, 157, 15581
List the prime factors of 676482.
2, 3, 31, 3637
List the prime factors of 142995.
3, 5, 9533
What are the prime factors of 6680176?
2, 417511
List the prime factors of 1308165.
3, 5, 87211
What are the prime factors of 1018409?
7, 145487
What are the prime factors of 309079?
309079
List the prime factors of 3792197.
263, 14419
What are the prime factors of 309921?
3, 103307
What are the prime factors of 1704814?
2, 31, 887
List the prime factors of 5019951.
3, 1673317
List the prime factors of 21642128.
2, 593, 2281
List the prime factors of 1908658.
2, 17, 73, 769
List the prime factors of 11526997.
11526997
What are the prime factors of 13867586?
2, 43, 113, 1427
What are the prime factors of 164633?
7, 29, 811
List the prime factors of 244574.
2, 11, 11117
What are the prime factors of 511691?
511691
What are the prime factors of 2953670?
2, 5, 43, 6869
What are the prime factors of 1019957?
41, 24877
List the prime factors of 520206.
2, 3, 277, 313
List the prime factors of 4207940.
2, 5, 11, 31, 617
List the prime factors of 426948.
2, 3, 47, 757
What are the prime factors of 4775692?
2, 307, 3889
List the prime factors of 7816591.
2647, 2953
List the prime factors of 1038350.
2, 5, 19, 1093
What are the prime factors of 873712?
2, 7, 29, 269
List the prime factors of 481534.
2, 61, 3947
What are the prime factors of 270512?
2, 11, 29, 53
What are the prime factors of 1215584?
2, 37987
What are the prime factors of 5259600?
2, 3, 5, 487
List the prime factors of 4266205.
5, 853241
What are the prime factors of 47116?
2, 11779
What are the prime factors of 1527546?
2, 3, 29, 8779
What are the prime factors of 320906?
2, 160453
List the prime factors of 5104247.
47, 223, 487
List the prime factors of 212395.
5, 107, 397
What are the prime factors of 3947249?
61, 64709
What are the prime factors of 147602?
2, 7, 13, 811
List the prime factors of 4711610.
2, 5, 471161
What are the prime factors of 8577403?
8577403
What are the prime factors of 2252297?
43, 52379
What are the prime factors of 926277?
3, 11, 28069
List the prime factors of 526608.
2, 3, 23, 53
List the prime factors of 6370263.
3, 19, 37253
List the prime factors of 10543043.
7, 17, 19, 4663
List the prime factors of 1300215.
3, 5, 7, 29, 61
What are the prime factors of 1695185?
5, 197, 1721
What are the prime factors of 2247667?
61, 36847
List the prime factors of 10998969.
3, 3666323
List the prime factors of 28241.
31, 911
List the prime factors of 177209.
177209
List the prime factors of 1260661.
1260661
What are the prime factors of 6291792?
2, 3, 13, 3361
List the prime factors of 75720.
2, 3, 5, 631
What are the prime factors of 697452?
2, 3, 7, 19, 23
List the prime factors of 233873.
271, 863
List the prime factors of 2648990.
2, 5, 264899
What are the prime factors of 14400573?
3, 11, 39671
What are the prime factors of 93047?
93047
List the prime factors of 2153251.
19, 113329
What are the prime factors of 1815229?
13, 23, 467
What are the prime factors of 626369?
47, 13327
List the prime factors of 3094538.
2, 43, 35983
List the prime factors of 2940656.
2, 239, 769
List the prime factors of 2634650.
2, 5, 23, 29, 79
What are the prime factors of 54266?
2, 43, 631
List the prime factors of 92829.
3, 11, 29, 97
List the prime factors of 480997.
11, 73, 599
List the prime factors of 10829103.
3, 223, 16187
What are the prime factors of 390706?
2, 195353
List the prime factors of 308059.
179, 1721
List the prime factors of 532302.
2, 3, 79, 1123
What are the prime factors of 622727?
7, 17, 5233
List the prime factors of 207183.
3, 69061
What are the prime factors of 3819001?
1033, 3697
What are the prime factors of 7370925?
3, 5, 23, 4273
List the prime factors of 4372504.
2, 29, 47, 401
List the prime factors of 9977640.
2, 3, 5, 17, 67, 73
List the prime factors of 3244668.
2, 3, 7, 19, 107
What are the prime factors of 1200922?
2, 23, 26107
What are the prime factors of 342732?
2, 3, 13
List the prime factors of 98664.
2, 3, 4111
List the prime factors of 8876585.
5, 1775317
What are the prime factors of 6386435?
5, 11, 83, 1399
List the prime factors of 40778.
2, 20389
List the prime factors of 11538770.
2, 5, 163, 7079
What are the prime factors of 5599076?
2, 7, 199967
List the prime factors of 46477.
46477
What are the prime factors of 12467896?
2, 7, 67, 3323
What are the prime factors of 46308?
2, 3, 17, 227
List the prime factors of 864229.
17, 29, 1753
List the prime factors of 1618069.
47, 173, 199
List the prime factors of 764311.
359, 2129
What are the prime factors of 2631417?
3, 317, 2767
List the prime factors of 1818763.
479, 3797
What are the prime factors of 620814?
2, 3, 107, 967
List the prime factors of 368500.
2, 5, 11, 67
What are the prime factors of 25741712?
2, 47, 34231
List the prime factors of 8209596.
2, 3, 19, 36007
List the prime factors of 3589124.
2, 7, 11, 43, 271
List the prime factors of 40805693.
40805693
List the prime factors of 417095.
5, 7, 17, 701
List the prime factors of 416066.
2, 7, 113, 263
What are the prime factors of 330262?
2, 37, 4463
What are the prime factors of 10604740?
2, 5, 530237
List the prime factors of 2232559.
7, 17, 73, 257
What are the prime factors of 4075430?
2, 5, 127, 3209
List the prime factors of 19412101.
103, 229, 823
List the prime factors of 20485184.
2, 320081
What are the p